{"id":987497952,"date":"2025-03-02T22:27:31","date_gmt":"2025-03-02T22:27:31","guid":{"rendered":"https:\/\/ab-ba.com.pl\/?page_id=987497952"},"modified":"2025-04-05T16:38:30","modified_gmt":"2025-04-05T16:38:30","slug":"kolo-teatralne-w-jezyku-bialoruskim-zabawa-w-teatr","status":"publish","type":"page","link":"https:\/\/ab-ba.com.pl\/index.php\/realizowane-projekty\/zadania-dofinansowane-z-dotacji-ministra-spraw-wewnetrznych-i-administracji\/kolo-teatralne-w-jezyku-bialoruskim-zabawa-w-teatr\/","title":{"rendered":"Ko\u0142o teatralne w j\u0119zyku bia\u0142oruskim &#8222;Zabawa w teatr&#8221;"},"content":{"rendered":"<p>[et_pb_section fb_built=&#8221;1&#8243; fullwidth=&#8221;on&#8221; _builder_version=&#8221;4.27.4&#8243; _module_preset=&#8221;default&#8221; global_colors_info=&#8221;{}&#8221;][et_pb_fullwidth_image src=&#8221;https:\/\/ab-ba.com.pl\/wp-content\/uploads\/2025\/03\/projekty.jpg&#8221; _builder_version=&#8221;4.27.4&#8243; _module_preset=&#8221;default&#8221; global_colors_info=&#8221;{}&#8221;][\/et_pb_fullwidth_image][\/et_pb_section][et_pb_section fb_built=&#8221;1&#8243; _builder_version=&#8221;4.27.4&#8243; _module_preset=&#8221;default&#8221; global_colors_info=&#8221;{}&#8221;][et_pb_row _builder_version=&#8221;4.27.4&#8243; _module_preset=&#8221;default&#8221; global_colors_info=&#8221;{}&#8221;][et_pb_column type=&#8221;4_4&#8243; _builder_version=&#8221;4.27.4&#8243; _module_preset=&#8221;default&#8221; global_colors_info=&#8221;{}&#8221;][et_pb_text _builder_version=&#8221;4.27.4&#8243; _module_preset=&#8221;default&#8221; hover_enabled=&#8221;0&#8243; global_colors_info=&#8221;{}&#8221; sticky_enabled=&#8221;0&#8243;]<\/p>\n<h1 style=\"text-align: center;\"><strong>Ko\u0142o teatralne w j\u0119zyku bia\u0142oruskim &#8222;Zabawa w teatr&#8221;<\/strong><\/h1>\n<p>[\/et_pb_text][\/et_pb_column][\/et_pb_row][et_pb_row _builder_version=&#8221;4.27.4&#8243; _module_preset=&#8221;default&#8221; global_colors_info=&#8221;{}&#8221; column_structure=&#8221;1_2,1_2&#8243;][et_pb_column type=&#8221;1_2&#8243; _builder_version=&#8221;4.27.4&#8243; _module_preset=&#8221;default&#8221; global_colors_info=&#8221;{}&#8221;][et_pb_video src=&#8221;https:\/\/www.youtube.com\/watch?v=Ys7MY38AKdg&#8221; _builder_version=&#8221;4.27.4&#8243; _module_preset=&#8221;default&#8221; global_colors_info=&#8221;{}&#8221;][\/et_pb_video][\/et_pb_column][et_pb_column type=&#8221;1_2&#8243; _builder_version=&#8221;4.27.4&#8243; _module_preset=&#8221;default&#8221; global_colors_info=&#8221;{}&#8221;][et_pb_video src=&#8221;https:\/\/www.youtube.com\/watch?v=Hj3utqzIXuk&#038;t=1234s&#8221; _builder_version=&#8221;4.27.4&#8243; _module_preset=&#8221;default&#8221; global_colors_info=&#8221;{}&#8221;][\/et_pb_video][\/et_pb_column][\/et_pb_row][et_pb_row _builder_version=&#8221;4.27.4&#8243; _module_preset=&#8221;default&#8221; global_colors_info=&#8221;{}&#8221;][et_pb_column type=&#8221;4_4&#8243; _builder_version=&#8221;4.27.4&#8243; _module_preset=&#8221;default&#8221; global_colors_info=&#8221;{}&#8221;][et_pb_text _builder_version=&#8221;4.27.4&#8243; _module_preset=&#8221;default&#8221; hover_enabled=&#8221;0&#8243; global_colors_info=&#8221;{}&#8221; sticky_enabled=&#8221;0&#8243;]<\/p>\n<p style=\"font-weight: 400; text-align: justify;\">Zaj\u0119cia teatralne w j\u0119zyku bia\u0142oruskim s\u0105 dodatkow\u0105 form\u0105 zaj\u0119\u0107 komplementarn\u0105 do lekcji j\u0119zyka bia\u0142oruskiego i kultury, kt\u00f3re jednocze\u015bnie zapewniaj\u0105 rozw\u00f3j kompetencji indywidualnych i umiej\u0119tno\u015bci pracy w grupie zapewniaj\u0105c g\u0142\u0119bsz\u0105 integracj\u0119 w\u015br\u00f3d uczni\u00f3w mniejszo\u015bci bia\u0142oruskiej.<\/p>\n<p style=\"font-weight: 400; text-align: justify;\">Zaj\u0119cia j\u0119zyka bia\u0142oruskiego z uwagi na ograniczon\u0105 ilo\u015b\u0107 godzin nie realizuj\u0105 w pe\u0142ni potrzeby kontaktu z \u017cywym j\u0119zykiem, dlatego forma zaj\u0119\u0107 teatralnych doskonale poszerza te mo\u017cliwo\u015bci. Zaj\u0119cia prowadz\u0105 do zrealizowania spektakli w j\u0119zyku bia\u0142oruskim poprzez zabaw\u0119 i jednoczesne doskonalenie uniwersalnych umiej\u0119tno\u015bci ka\u017cdego z uczestnik\u00f3w zaj\u0119\u0107. Zapewniaj\u0105 dodatkowy kontakt dzieci i m\u0142odzie\u017cy, kt\u00f3ry wp\u0142ywa na wzmacnianie wi\u0119zi i jednoczesne umacnianie poczucia bia\u0142oruskiej to\u017csamo\u015bci narodowej. W toku zaj\u0119\u0107 i przygotowywania spektaklu dzieci poznaj\u0105 r\u00f3\u017cne elementy pracy scenicznej, r\u00f3wnie\u017c uczestniczenie w procesie rejestracji jest dodatkowym do\u015bwiadczeniem niezwykle istotnym w \u015bwiecie zdominowanym przez obraz.<\/p>\n<p style=\"font-weight: 400; text-align: justify;\">Zaj\u0119cia wpisuj\u0105 si\u0119 w dotychczasow\u0105 dzia\u0142alno\u015b\u0107 Stowarzyszenia, kt\u00f3re od lat prowadzi nauczanie j\u0119zyka bia\u0142oruskiego w szkole, krzewi kultur\u0119 bia\u0142orusk\u0105 poprzez organizacj\u0119 paneli dyskusyjnych, nagrywanie film\u00f3w, opracowywanie publikacji, w tym podr\u0119cznik\u00f3w do nauczania j\u0119zyka bia\u0142oruskiego. Organizuje bezp\u0142atne zaj\u0119cia teatralne, taneczne i muzyczne dla dzieci i m\u0142odzie\u017cy bia\u0142oruskiej mniejszo\u015bci narodowej.<\/p>\n<p>[\/et_pb_text][\/et_pb_column][\/et_pb_row][\/et_pb_section]<\/p>\n","protected":false},"excerpt":{"rendered":"<p>Ko\u0142o teatralne w j\u0119zyku bia\u0142oruskim &#8222;Zabawa w teatr&#8221;Zaj\u0119cia teatralne w j\u0119zyku bia\u0142oruskim s\u0105 dodatkow\u0105 form\u0105 zaj\u0119\u0107 komplementarn\u0105 do lekcji j\u0119zyka bia\u0142oruskiego i kultury, kt\u00f3re jednocze\u015bnie zapewniaj\u0105 rozw\u00f3j kompetencji indywidualnych i umiej\u0119tno\u015bci pracy w grupie zapewniaj\u0105c g\u0142\u0119bsz\u0105 integracj\u0119 w\u015br\u00f3d uczni\u00f3w mniejszo\u015bci bia\u0142oruskiej. Zaj\u0119cia j\u0119zyka bia\u0142oruskiego z uwagi na ograniczon\u0105 ilo\u015b\u0107 godzin nie realizuj\u0105 w pe\u0142ni potrzeby [&hellip;]<\/p>\n","protected":false},"author":1,"featured_media":0,"parent":987497924,"menu_order":0,"comment_status":"closed","ping_status":"closed","template":"","meta":{"_et_pb_use_builder":"on","_et_pb_old_content":"","_et_gb_content_width":"","footnotes":""},"class_list":["post-987497952","page","type-page","status-publish","hentry"],"aioseo_notices":[],"_links":{"self":[{"href":"https:\/\/ab-ba.com.pl\/index.php\/wp-json\/wp\/v2\/pages\/987497952","targetHints":{"allow":["GET"]}}],"collection":[{"href":"https:\/\/ab-ba.com.pl\/index.php\/wp-json\/wp\/v2\/pages"}],"about":[{"href":"https:\/\/ab-ba.com.pl\/index.php\/wp-json\/wp\/v2\/types\/page"}],"author":[{"embeddable":true,"href":"https:\/\/ab-ba.com.pl\/index.php\/wp-json\/wp\/v2\/users\/1"}],"replies":[{"embeddable":true,"href":"https:\/\/ab-ba.com.pl\/index.php\/wp-json\/wp\/v2\/comments?post=987497952"}],"version-history":[{"count":5,"href":"https:\/\/ab-ba.com.pl\/index.php\/wp-json\/wp\/v2\/pages\/987497952\/revisions"}],"predecessor-version":[{"id":987498584,"href":"https:\/\/ab-ba.com.pl\/index.php\/wp-json\/wp\/v2\/pages\/987497952\/revisions\/987498584"}],"up":[{"embeddable":true,"href":"https:\/\/ab-ba.com.pl\/index.php\/wp-json\/wp\/v2\/pages\/987497924"}],"wp:attachment":[{"href":"https:\/\/ab-ba.com.pl\/index.php\/wp-json\/wp\/v2\/media?parent=987497952"}],"curies":[{"name":"wp","href":"https:\/\/api.w.org\/{rel}","templated":true}]}}