{"id":987497959,"date":"2025-03-02T22:29:08","date_gmt":"2025-03-02T22:29:08","guid":{"rendered":"https:\/\/ab-ba.com.pl\/?page_id=987497959"},"modified":"2026-02-04T07:17:56","modified_gmt":"2026-02-04T07:17:56","slug":"dzialalnosc-zespolu-tanecznego-padlaski-wianok","status":"publish","type":"page","link":"https:\/\/ab-ba.com.pl\/index.php\/realizowane-projekty\/zadania-dofinansowane-z-dotacji-ministra-spraw-wewnetrznych-i-administracji\/dzialalnosc-zespolu-tanecznego-padlaski-wianok\/","title":{"rendered":"Dzia\u0142alno\u015b\u0107 Zespo\u0142u Tanecznego \u201ePadlaski Wianok\u201d"},"content":{"rendered":"<p>[et_pb_section fb_built=&#8221;1&#8243; fullwidth=&#8221;on&#8221; _builder_version=&#8221;4.27.4&#8243; _module_preset=&#8221;default&#8221; global_colors_info=&#8221;{}&#8221;][et_pb_fullwidth_image src=&#8221;https:\/\/ab-ba.com.pl\/wp-content\/uploads\/2025\/03\/projekty.jpg&#8221; _builder_version=&#8221;4.27.4&#8243; _module_preset=&#8221;default&#8221; hover_enabled=&#8221;0&#8243; global_colors_info=&#8221;{}&#8221; sticky_enabled=&#8221;0&#8243;][\/et_pb_fullwidth_image][\/et_pb_section][et_pb_section fb_built=&#8221;1&#8243; _builder_version=&#8221;4.27.4&#8243; _module_preset=&#8221;default&#8221; global_colors_info=&#8221;{}&#8221;][et_pb_row _builder_version=&#8221;4.27.4&#8243; _module_preset=&#8221;default&#8221; global_colors_info=&#8221;{}&#8221;][et_pb_column type=&#8221;4_4&#8243; _builder_version=&#8221;4.27.4&#8243; _module_preset=&#8221;default&#8221; global_colors_info=&#8221;{}&#8221;][et_pb_text _builder_version=&#8221;4.27.4&#8243; _module_preset=&#8221;default&#8221; hover_enabled=&#8221;0&#8243; global_colors_info=&#8221;{}&#8221; sticky_enabled=&#8221;0&#8243;]<\/p>\n<h1 style=\"text-align: center;\"><strong>.Dzia\u0142alno\u015b\u0107 Zespo\u0142u Tanecznego \u201ePadlaski Wianok\u201d<\/strong><\/h1>\n<p>&nbsp;<\/p>\n<p style=\"text-align: justify;\">&#8222;Padlaski Wianok&#8221; to dzieci\u0119co-m\u0142odzie\u017cowy bia\u0142oruski zesp\u00f3\u0142 taneczny. Powsta\u0142 we wrze\u015bniu 2015 roku. W 2016 roku zaj\u0119cia by\u0142y organizowane w ramach projektu &#8222;Studio folkloru i piosenki bia\u0142oruskiej &#8222;Ja naradzi\u016dsia tut&#8221;, finansowanego z dotacji MSWiA. Od 2017 roku funkcjonuje jako odr\u0119bny projekt, finansowany z dotacji MSWiA.<\/p>\n<p style=\"text-align: justify;\">Kierownikiem artystycznym jest profesjonalna choreografka, instruktorka baletu i bia\u0142oruskiego ta\u0144ca ludowego, od pocz\u0105tku prowadz\u0105ca zaj\u0119cia z zespo\u0142em.<br \/>Od wrze\u015bnia 2023r. roku zesp\u00f3\u0142 sk\u0142ada si\u0119 z dzieci ta\u0144cz\u0105cych w trzech grup wiekowych: najm\u0142odszej (dzieci w wieku 7-10 lat), \u015bredniej (dzieci w wieku 11-13 lat) i najstarszej (dzieci w wieku 14-19 lat).<\/p>\n<p style=\"text-align: justify;\">Zesp\u00f3\u0142 liczy nie mniej ni\u017c pi\u0119\u0107dziesi\u0119cioro dzieci ucz\u0105cych si\u0119 j\u0119zyka bia\u0142oruskiego w Szkole Podstawowej nr 4 w Bia\u0142ymstoku , w szko\u0142ach \u015brednich oraz troje student\u00f3w.<\/p>\n<p style=\"text-align: justify;\">Pr\u00f3by zespo\u0142u odbywaj\u0105 si\u0119 dwa razy w tygodniu dla ka\u017cdej grupy wiekowej, z przerw\u0105 wakacyjn\u0105.<br \/>W kwietniu 2024 r. \u201ePADLASKI WIANOK\u201d wyst\u0105pi\u0142 z programem \u201eRodem z Podlasia\u201d w koncercie \u201eMazowsze i Przyjaciele\u201d Pa\u0144stwowego Zespo\u0142u Pie\u015bni i Ta\u0144ca \u201eMazowsze\u201d w Otr\u0119busach na Sali widowiskowej w Karolinie. We wrze\u015bniu 2024 r. zesp\u00f3\u0142 uroczy\u015bcie otworzy\u0142 10 sezon artystyczny dzi\u0119ki dodatkowemu dofinansowaniu z bud\u017cetu Wojew\u00f3dztwa Podlaskiego i Miasta Bia\u0142egostoku.<br \/>Wi\u0119cej informacji w zak\u0142adce Zesp\u00f3\u0142 Ta\u0144ca \u201ePadlaski Wianok\u201d<\/p>\n<p>[\/et_pb_text][et_pb_button button_url=&#8221;https:\/\/ab-ba.com.pl\/index.php\/padlaski-wianok\/&#8221; button_text=&#8221;Strona Zespo\u0142u %22Padlaski Wianok%22&#8243; _builder_version=&#8221;4.27.4&#8243; _module_preset=&#8221;default&#8221; global_colors_info=&#8221;{}&#8221;][\/et_pb_button][\/et_pb_column][\/et_pb_row][\/et_pb_section]<\/p>\n","protected":false},"excerpt":{"rendered":"<p>.Dzia\u0142alno\u015b\u0107 Zespo\u0142u Tanecznego \u201ePadlaski Wianok\u201d &nbsp; &#8222;Padlaski Wianok&#8221; to dzieci\u0119co-m\u0142odzie\u017cowy bia\u0142oruski zesp\u00f3\u0142 taneczny. Powsta\u0142 we wrze\u015bniu 2015 roku. W 2016 roku zaj\u0119cia by\u0142y organizowane w ramach projektu &#8222;Studio folkloru i piosenki bia\u0142oruskiej &#8222;Ja naradzi\u016dsia tut&#8221;, finansowanego z dotacji MSWiA. Od 2017 roku funkcjonuje jako odr\u0119bny projekt, finansowany z dotacji MSWiA. Kierownikiem artystycznym jest profesjonalna choreografka, [&hellip;]<\/p>\n","protected":false},"author":1,"featured_media":0,"parent":987497924,"menu_order":0,"comment_status":"closed","ping_status":"closed","template":"","meta":{"_et_pb_use_builder":"on","_et_pb_old_content":"","_et_gb_content_width":"","footnotes":""},"class_list":["post-987497959","page","type-page","status-publish","hentry"],"aioseo_notices":[],"_links":{"self":[{"href":"https:\/\/ab-ba.com.pl\/index.php\/wp-json\/wp\/v2\/pages\/987497959","targetHints":{"allow":["GET"]}}],"collection":[{"href":"https:\/\/ab-ba.com.pl\/index.php\/wp-json\/wp\/v2\/pages"}],"about":[{"href":"https:\/\/ab-ba.com.pl\/index.php\/wp-json\/wp\/v2\/types\/page"}],"author":[{"embeddable":true,"href":"https:\/\/ab-ba.com.pl\/index.php\/wp-json\/wp\/v2\/users\/1"}],"replies":[{"embeddable":true,"href":"https:\/\/ab-ba.com.pl\/index.php\/wp-json\/wp\/v2\/comments?post=987497959"}],"version-history":[{"count":7,"href":"https:\/\/ab-ba.com.pl\/index.php\/wp-json\/wp\/v2\/pages\/987497959\/revisions"}],"predecessor-version":[{"id":987498670,"href":"https:\/\/ab-ba.com.pl\/index.php\/wp-json\/wp\/v2\/pages\/987497959\/revisions\/987498670"}],"up":[{"embeddable":true,"href":"https:\/\/ab-ba.com.pl\/index.php\/wp-json\/wp\/v2\/pages\/987497924"}],"wp:attachment":[{"href":"https:\/\/ab-ba.com.pl\/index.php\/wp-json\/wp\/v2\/media?parent=987497959"}],"curies":[{"name":"wp","href":"https:\/\/api.w.org\/{rel}","templated":true}]}}

Działalność Zespołu Tanecznego „Padlaski Wianok”

<p>[et_pb_section fb_built=&#8221;1&#8243; fullwidth=&#8221;on&#8221; _builder_version=&#8221;4.27.4&#8243; _module_preset=&#8221;default&#8221; global_colors_info=&#8221;{}&#8221;][et_pb_fullwidth_image src=&#8221;https://ab-ba.com.pl/wp-content/uploads/2025/03/projekty.jpg&#8221; _builder_version=&#8221;4.27.4&#8243; _module_preset=&#8221;default&#8221; hover_enabled=&#8221;0&#8243; global_colors_info=&#8221;{}&#8221; sticky_enabled=&#8221;0&#8243;][/et_pb_fullwidth_image][/et_pb_section][et_pb_section fb_built=&#8221;1&#8243; _builder_version=&#8221;4.27.4&#8243; _module_preset=&#8221;default&#8221; global_colors_info=&#8221;{}&#8221;][et_pb_row _builder_version=&#8221;4.27.4&#8243; _module_preset=&#8221;default&#8221; global_colors_info=&#8221;{}&#8221;][et_pb_column type=&#8221;4_4&#8243; _builder_version=&#8221;4.27.4&#8243; _module_preset=&#8221;default&#8221; global_colors_info=&#8221;{}&#8221;][et_pb_text _builder_version=&#8221;4.27.4&#8243; _module_preset=&#8221;default&#8221; hover_enabled=&#8221;0&#8243; global_colors_info=&#8221;{}&#8221; sticky_enabled=&#8221;0&#8243;]</p>
<h1 style="text-align: center;"><strong>.Działalność Zespołu Tanecznego „Padlaski Wianok”</strong></h1>
<p>&nbsp;</p>
<p style="text-align: justify;">&#8222;Padlaski Wianok&#8221; to dziecięco-młodzieżowy białoruski zespół taneczny. Powstał we wrześniu 2015 roku. W 2016 roku zajęcia były organizowane w ramach projektu &#8222;Studio folkloru i piosenki białoruskiej &#8222;Ja naradziŭsia tut&#8221;, finansowanego z dotacji MSWiA. Od 2017 roku funkcjonuje jako odrębny projekt, finansowany z dotacji MSWiA.</p>
<p style="text-align: justify;">Kierownikiem artystycznym jest profesjonalna choreografka, instruktorka baletu i białoruskiego tańca ludowego, od początku prowadząca zajęcia z zespołem.<br />Od września 2023r. roku zespół składa się z dzieci tańczących w trzech grup wiekowych: najmłodszej (dzieci w wieku 7-10 lat), średniej (dzieci w wieku 11-13 lat) i najstarszej (dzieci w wieku 14-19 lat).</p>
<p style="text-align: justify;">Zespół liczy nie mniej niż pięćdziesięcioro dzieci uczących się języka białoruskiego w Szkole Podstawowej nr 4 w Białymstoku , w szkołach średnich oraz troje studentów.</p>
<p style="text-align: justify;">Próby zespołu odbywają się dwa razy w tygodniu dla każdej grupy wiekowej, z przerwą wakacyjną.<br />W kwietniu 2024 r. „PADLASKI WIANOK” wystąpił z programem „Rodem z Podlasia” w koncercie „Mazowsze i Przyjaciele” Państwowego Zespołu Pieśni i Tańca „Mazowsze” w Otrębusach na Sali widowiskowej w Karolinie. We wrześniu 2024 r. zespół uroczyście otworzył 10 sezon artystyczny dzięki dodatkowemu dofinansowaniu z budżetu Województwa Podlaskiego i Miasta Białegostoku.<br />Więcej informacji w zakładce Zespół Tańca „Padlaski Wianok”</p>
<p>[/et_pb_text][et_pb_button button_url=&#8221;https://ab-ba.com.pl/index.php/padlaski-wianok/&#8221; button_text=&#8221;Strona Zespołu %22Padlaski Wianok%22&#8243; _builder_version=&#8221;4.27.4&#8243; _module_preset=&#8221;default&#8221; global_colors_info=&#8221;{}&#8221;][/et_pb_button][/et_pb_column][/et_pb_row][/et_pb_section]</p>

<p>.Działalność Zespołu Tanecznego „Padlaski Wianok” &nbsp; &#8222;Padlaski Wianok&#8221; to dziecięco-młodzieżowy białoruski zespół taneczny. Powstał we wrześniu 2015 roku. W 2016 roku zajęcia były organizowane w ramach projektu &#8222;Studio folkloru i piosenki białoruskiej &#8222;Ja naradziŭsia tut&#8221;, finansowanego z dotacji MSWiA. Od 2017 roku funkcjonuje jako odrębny projekt, finansowany z dotacji MSWiA. Kierownikiem artystycznym jest profesjonalna choreografka, [&hellip;]</p>
