{"id":987497974,"date":"2025-03-02T22:33:26","date_gmt":"2025-03-02T22:33:26","guid":{"rendered":"https:\/\/ab-ba.com.pl\/?page_id=987497974"},"modified":"2025-04-05T16:43:00","modified_gmt":"2025-04-05T16:43:00","slug":"wydawanie-podrecznikow-i-pomocy-dydaktycznych","status":"publish","type":"page","link":"https:\/\/ab-ba.com.pl\/index.php\/realizowane-projekty\/zadania-dofinansowane-z-ministerstwa-edukacji-narodowej\/wydawanie-podrecznikow-i-pomocy-dydaktycznych\/","title":{"rendered":"Wydawanie podr\u0119cznik\u00f3w i pomocy dydaktycznych"},"content":{"rendered":"<p>[et_pb_section fb_built=&#8221;1&#8243; fullwidth=&#8221;on&#8221; _builder_version=&#8221;4.27.4&#8243; _module_preset=&#8221;default&#8221; global_colors_info=&#8221;{}&#8221;][et_pb_fullwidth_image src=&#8221;https:\/\/ab-ba.com.pl\/wp-content\/uploads\/2025\/03\/projekty.jpg&#8221; title_text=&#8221;projekty&#8221; _builder_version=&#8221;4.27.4&#8243; _module_preset=&#8221;default&#8221; global_colors_info=&#8221;{}&#8221;][\/et_pb_fullwidth_image][\/et_pb_section][et_pb_section fb_built=&#8221;1&#8243; _builder_version=&#8221;4.27.4&#8243; _module_preset=&#8221;default&#8221; global_colors_info=&#8221;{}&#8221;][et_pb_row _builder_version=&#8221;4.27.4&#8243; _module_preset=&#8221;default&#8221; global_colors_info=&#8221;{}&#8221;][et_pb_column type=&#8221;4_4&#8243; _builder_version=&#8221;4.27.4&#8243; _module_preset=&#8221;default&#8221; global_colors_info=&#8221;{}&#8221;][et_pb_text admin_label=&#8221;Tekst&#8221; _builder_version=&#8221;4.27.4&#8243; _module_preset=&#8221;default&#8221; global_colors_info=&#8221;{}&#8221;]<\/p>\n<h1 style=\"font-weight: 400; text-align: center;\"><strong>Wydawanie podr\u0119cznik\u00f3w i pomocy dydaktycznych<\/strong><\/h1>\n<p>[\/et_pb_text][\/et_pb_column][\/et_pb_row][et_pb_row column_structure=&#8221;1_4,1_4,1_4,1_4&#8243; _builder_version=&#8221;4.27.4&#8243; _module_preset=&#8221;default&#8221; locked=&#8221;off&#8221; global_colors_info=&#8221;{}&#8221;][et_pb_column type=&#8221;1_4&#8243; _builder_version=&#8221;4.27.4&#8243; _module_preset=&#8221;default&#8221; global_colors_info=&#8221;{}&#8221;][et_pb_text admin_label=&#8221;Tekst&#8221; _builder_version=&#8221;4.27.4&#8243; _module_preset=&#8221;default&#8221; global_colors_info=&#8221;{}&#8221;]<\/p>\n<p>Klasa 1 &#8211; Podr\u0119cznik<\/p>\n<p>[\/et_pb_text][et_pb_image src=&#8221;https:\/\/ab-ba.com.pl\/wp-content\/uploads\/2025\/04\/Klasa-1-podrecznik-pdf.jpg&#8221; title_text=&#8221;Klasa 1 podre\u0328cznik&#8221; url=&#8221;https:\/\/ab-ba.com.pl\/wp-content\/uploads\/2025\/04\/Klasa-1-podrecznik.pdf&#8221; url_new_window=&#8221;on&#8221; admin_label=&#8221;Obraz&#8221; _builder_version=&#8221;4.27.4&#8243; _module_preset=&#8221;default&#8221; global_colors_info=&#8221;{}&#8221;][\/et_pb_image][\/et_pb_column][et_pb_column type=&#8221;1_4&#8243; _builder_version=&#8221;4.27.4&#8243; _module_preset=&#8221;default&#8221; global_colors_info=&#8221;{}&#8221;][et_pb_text admin_label=&#8221;Tekst&#8221; _builder_version=&#8221;4.27.4&#8243; _module_preset=&#8221;default&#8221; global_colors_info=&#8221;{}&#8221;]<\/p>\n<p>Klasa 2 &#8211; Podr\u0119cznik<\/p>\n<p>[\/et_pb_text][et_pb_image src=&#8221;https:\/\/ab-ba.com.pl\/wp-content\/uploads\/2025\/04\/Klasa-2-podrecznik-okladka-pdf.jpg&#8221; title_text=&#8221;Klasa 2 podre\u0328cznik &#8211; ok\u0142adka&#8221; url=&#8221;https:\/\/ab-ba.com.pl\/wp-content\/uploads\/2025\/04\/Klasa-2-podrecznik.pdf&#8221; url_new_window=&#8221;on&#8221; admin_label=&#8221;Obraz&#8221; _builder_version=&#8221;4.27.4&#8243; _module_preset=&#8221;default&#8221; global_colors_info=&#8221;{}&#8221;][\/et_pb_image][et_pb_text admin_label=&#8221;Tekst&#8221; _builder_version=&#8221;4.27.4&#8243; _module_preset=&#8221;default&#8221; global_colors_info=&#8221;{}&#8221;]<\/p>\n<p>Klasa 2 &#8211; \u0106wiczenia<\/p>\n<p>[\/et_pb_text][et_pb_image src=&#8221;https:\/\/ab-ba.com.pl\/wp-content\/uploads\/2025\/04\/Klasa-2-cwiczenia-okladka-pdf.jpg&#8221; title_text=&#8221;Klasa 2 c\u0301wiczenia &#8211; ok\u0142adka&#8221; url=&#8221;https:\/\/ab-ba.com.pl\/wp-content\/uploads\/2025\/04\/Klasa-2-cwiczenia.pdf&#8221; url_new_window=&#8221;on&#8221; admin_label=&#8221;Obraz&#8221; _builder_version=&#8221;4.27.4&#8243; _module_preset=&#8221;default&#8221; global_colors_info=&#8221;{}&#8221;][\/et_pb_image][\/et_pb_column][et_pb_column type=&#8221;1_4&#8243; _builder_version=&#8221;4.27.4&#8243; _module_preset=&#8221;default&#8221; global_colors_info=&#8221;{}&#8221;][et_pb_text admin_label=&#8221;Tekst&#8221; _builder_version=&#8221;4.27.4&#8243; _module_preset=&#8221;default&#8221; global_colors_info=&#8221;{}&#8221;]<\/p>\n<p>Klasa 3 &#8211; Podr\u0119cznik<\/p>\n<p>[\/et_pb_text][et_pb_image src=&#8221;https:\/\/ab-ba.com.pl\/wp-content\/uploads\/2025\/04\/Klasa-3-podrecznik-okladka-pdf.jpg&#8221; title_text=&#8221;Klasa 3 podre\u0328cznik &#8211; ok\u0142adka&#8221; url=&#8221;https:\/\/ab-ba.com.pl\/wp-content\/uploads\/2025\/04\/Klasa-3-podrecznik.pdf&#8221; url_new_window=&#8221;on&#8221; admin_label=&#8221;Obraz&#8221; _builder_version=&#8221;4.27.4&#8243; _module_preset=&#8221;default&#8221; global_colors_info=&#8221;{}&#8221;][\/et_pb_image][\/et_pb_column][et_pb_column type=&#8221;1_4&#8243; _builder_version=&#8221;4.27.4&#8243; _module_preset=&#8221;default&#8221; global_colors_info=&#8221;{}&#8221;][et_pb_text admin_label=&#8221;Tekst&#8221; _builder_version=&#8221;4.27.4&#8243; _module_preset=&#8221;default&#8221; global_colors_info=&#8221;{}&#8221;]<\/p>\n<p>Klasa 4 &#8211; Podr\u0119cznik<\/p>\n<p>[\/et_pb_text][et_pb_image src=&#8221;https:\/\/ab-ba.com.pl\/wp-content\/uploads\/2025\/04\/Klasa-4-podrecznik-okladka-pdf.jpg&#8221; title_text=&#8221;Klasa 4 podre\u0328cznik &#8211; ok\u0142adka&#8221; url=&#8221;https:\/\/ab-ba.com.pl\/wp-content\/uploads\/2025\/04\/Klasa-4-podrecznik.pdf&#8221; url_new_window=&#8221;on&#8221; admin_label=&#8221;Obraz&#8221; _builder_version=&#8221;4.27.4&#8243; _module_preset=&#8221;default&#8221; global_colors_info=&#8221;{}&#8221;][\/et_pb_image][et_pb_text admin_label=&#8221;Tekst&#8221; _builder_version=&#8221;4.27.4&#8243; _module_preset=&#8221;default&#8221; global_colors_info=&#8221;{}&#8221;]<\/p>\n<p>Klasa 4 &#8211; P\u0142yta<\/p>\n<p>[\/et_pb_text][et_pb_image src=&#8221;https:\/\/ab-ba.com.pl\/wp-content\/uploads\/2025\/04\/Klasa-4-plyta-pdf.jpg&#8221; title_text=&#8221;Klasa 4 p\u0142yta&#8221; url=&#8221;https:\/\/ab-ba.com.pl\/wp-content\/uploads\/2025\/04\/Klasa-4-plyta.pdf&#8221; url_new_window=&#8221;on&#8221; admin_label=&#8221;Obraz&#8221; _builder_version=&#8221;4.27.4&#8243; _module_preset=&#8221;default&#8221; global_colors_info=&#8221;{}&#8221;][\/et_pb_image][\/et_pb_column][\/et_pb_row][et_pb_row column_structure=&#8221;1_4,1_4,1_4,1_4&#8243; _builder_version=&#8221;4.27.4&#8243; _module_preset=&#8221;default&#8221; locked=&#8221;off&#8221; global_colors_info=&#8221;{}&#8221;][et_pb_column type=&#8221;1_4&#8243; _builder_version=&#8221;4.27.4&#8243; _module_preset=&#8221;default&#8221; global_colors_info=&#8221;{}&#8221;][et_pb_text admin_label=&#8221;Tekst&#8221; _builder_version=&#8221;4.27.4&#8243; _module_preset=&#8221;default&#8221; global_colors_info=&#8221;{}&#8221;]<\/p>\n<p>Klasa 5 &#8211; Podr\u0119cznik<\/p>\n<p>[\/et_pb_text][et_pb_image src=&#8221;https:\/\/ab-ba.com.pl\/wp-content\/uploads\/2025\/04\/Klasa-5-podrecznik-okladka-pdf.jpg&#8221; title_text=&#8221;Klasa 5 podre\u0328cznik &#8211; ok\u0142adka&#8221; url=&#8221;https:\/\/ab-ba.com.pl\/wp-content\/uploads\/2025\/04\/Klasa-5-podrecznik.pdf&#8221; url_new_window=&#8221;on&#8221; admin_label=&#8221;Obraz&#8221; _builder_version=&#8221;4.27.4&#8243; _module_preset=&#8221;default&#8221; global_colors_info=&#8221;{}&#8221;][\/et_pb_image][et_pb_text admin_label=&#8221;Tekst&#8221; _builder_version=&#8221;4.27.4&#8243; _module_preset=&#8221;default&#8221; global_colors_info=&#8221;{}&#8221;]<\/p>\n<p>Klasa 5 &#8211; P\u0142yta<\/p>\n<p>[\/et_pb_text][et_pb_image src=&#8221;https:\/\/ab-ba.com.pl\/wp-content\/uploads\/2025\/04\/Klasa-5-plyta-pdf.jpg&#8221; title_text=&#8221;Klasa 5 p\u0142yta&#8221; url=&#8221;https:\/\/ab-ba.com.pl\/wp-content\/uploads\/2025\/04\/Klasa-5-plyta.pdf&#8221; url_new_window=&#8221;on&#8221; admin_label=&#8221;Obraz&#8221; _builder_version=&#8221;4.27.4&#8243; _module_preset=&#8221;default&#8221; global_colors_info=&#8221;{}&#8221;][\/et_pb_image][\/et_pb_column][et_pb_column type=&#8221;1_4&#8243; _builder_version=&#8221;4.27.4&#8243; _module_preset=&#8221;default&#8221; global_colors_info=&#8221;{}&#8221;][et_pb_text admin_label=&#8221;Tekst&#8221; _builder_version=&#8221;4.27.4&#8243; _module_preset=&#8221;default&#8221; global_colors_info=&#8221;{}&#8221;]<\/p>\n<p>Klasa 6 &#8211; Podr\u0119cznik<\/p>\n<p>[\/et_pb_text][et_pb_image src=&#8221;https:\/\/ab-ba.com.pl\/wp-content\/uploads\/2025\/04\/Klasa-6-podrecznik-okladka-pdf.jpg&#8221; title_text=&#8221;Klasa 6 podre\u0328cznik &#8211; ok\u0142adka&#8221; url=&#8221;https:\/\/ab-ba.com.pl\/wp-content\/uploads\/2025\/04\/Klasa-6-podrecznik.pdf&#8221; url_new_window=&#8221;on&#8221; admin_label=&#8221;Obraz&#8221; _builder_version=&#8221;4.27.4&#8243; _module_preset=&#8221;default&#8221; global_colors_info=&#8221;{}&#8221;][\/et_pb_image][et_pb_text admin_label=&#8221;Tekst&#8221; _builder_version=&#8221;4.27.4&#8243; _module_preset=&#8221;default&#8221; global_colors_info=&#8221;{}&#8221;]<\/p>\n<p>Klasa 6 &#8211; P\u0142yta<\/p>\n<p>[\/et_pb_text][et_pb_image src=&#8221;https:\/\/ab-ba.com.pl\/wp-content\/uploads\/2025\/04\/Klasa-6-plyta-pdf.jpg&#8221; title_text=&#8221;Klasa 6 p\u0142yta&#8221; url=&#8221;https:\/\/ab-ba.com.pl\/wp-content\/uploads\/2025\/04\/Klasa-6-plyta.pdf&#8221; url_new_window=&#8221;on&#8221; admin_label=&#8221;Obraz&#8221; _builder_version=&#8221;4.27.4&#8243; _module_preset=&#8221;default&#8221; global_colors_info=&#8221;{}&#8221;][\/et_pb_image][\/et_pb_column][et_pb_column type=&#8221;1_4&#8243; _builder_version=&#8221;4.27.4&#8243; _module_preset=&#8221;default&#8221; global_colors_info=&#8221;{}&#8221;][et_pb_text admin_label=&#8221;Tekst&#8221; _builder_version=&#8221;4.27.4&#8243; _module_preset=&#8221;default&#8221; global_colors_info=&#8221;{}&#8221;]<\/p>\n<p>Klasa 7 &#8211; Podr\u0119cznik<\/p>\n<p>(w trakcie opracowywania)<\/p>\n<p>[\/et_pb_text][et_pb_text admin_label=&#8221;Tekst&#8221; _builder_version=&#8221;4.27.4&#8243; _module_preset=&#8221;default&#8221; global_colors_info=&#8221;{}&#8221;]<\/p>\n<p>Klasa 7 &#8211; P\u0142yta<\/p>\n<p>[\/et_pb_text][et_pb_image src=&#8221;https:\/\/ab-ba.com.pl\/wp-content\/uploads\/2025\/03\/okladka-zyvoje-slova-1.png&#8221; title_text=&#8221;okladka zyvoje slova&#8221; url=&#8221;https:\/\/ab-ba.com.pl\/index.php\/realizowane-projekty\/zadania-dofinansowane-z-dotacji-ministra-spraw-wewnetrznych-i-administracji\/plyta-cd-zyvoje-slowa-piosenki-do-klasy-7-szkoly-podstawowej\/?preview_id=987497946&#038;preview_nonce=d61451b215&#038;_thumbnail_id=-1&#038;preview=true&#8221; _builder_version=&#8221;4.27.4&#8243; _module_preset=&#8221;default&#8221; hover_enabled=&#8221;0&#8243; global_colors_info=&#8221;{}&#8221; sticky_enabled=&#8221;0&#8243;][\/et_pb_image][\/et_pb_column][et_pb_column type=&#8221;1_4&#8243; _builder_version=&#8221;4.27.4&#8243; _module_preset=&#8221;default&#8221; global_colors_info=&#8221;{}&#8221;][et_pb_text admin_label=&#8221;Tekst&#8221; _builder_version=&#8221;4.27.4&#8243; _module_preset=&#8221;default&#8221; global_colors_info=&#8221;{}&#8221;]<\/p>\n<p>Klasa 8 &#8211; Podr\u0119cznik<\/p>\n<p>(w trakcie opracowywania)<\/p>\n<p>[\/et_pb_text][\/et_pb_column][\/et_pb_row][\/et_pb_section]<\/p>\n","protected":false},"excerpt":{"rendered":"<p>Wydawanie podr\u0119cznik\u00f3w i pomocy dydaktycznychKlasa 1 &#8211; Podr\u0119cznikKlasa 2 &#8211; Podr\u0119cznikKlasa 2 &#8211; \u0106wiczeniaKlasa 3 &#8211; Podr\u0119cznikKlasa 4 &#8211; Podr\u0119cznikKlasa 4 &#8211; P\u0142ytaKlasa 5 &#8211; Podr\u0119cznikKlasa 5 &#8211; P\u0142ytaKlasa 6 &#8211; Podr\u0119cznikKlasa 6 &#8211; P\u0142ytaKlasa 7 &#8211; Podr\u0119cznik (w trakcie opracowywania)Klasa 7 &#8211; P\u0142ytaKlasa 8 &#8211; Podr\u0119cznik (w trakcie opracowywania)<\/p>\n","protected":false},"author":1,"featured_media":0,"parent":987497971,"menu_order":0,"comment_status":"closed","ping_status":"closed","template":"","meta":{"_et_pb_use_builder":"on","_et_pb_old_content":"","_et_gb_content_width":"","footnotes":""},"class_list":["post-987497974","page","type-page","status-publish","hentry"],"aioseo_notices":[],"_links":{"self":[{"href":"https:\/\/ab-ba.com.pl\/index.php\/wp-json\/wp\/v2\/pages\/987497974","targetHints":{"allow":["GET"]}}],"collection":[{"href":"https:\/\/ab-ba.com.pl\/index.php\/wp-json\/wp\/v2\/pages"}],"about":[{"href":"https:\/\/ab-ba.com.pl\/index.php\/wp-json\/wp\/v2\/types\/page"}],"author":[{"embeddable":true,"href":"https:\/\/ab-ba.com.pl\/index.php\/wp-json\/wp\/v2\/users\/1"}],"replies":[{"embeddable":true,"href":"https:\/\/ab-ba.com.pl\/index.php\/wp-json\/wp\/v2\/comments?post=987497974"}],"version-history":[{"count":13,"href":"https:\/\/ab-ba.com.pl\/index.php\/wp-json\/wp\/v2\/pages\/987497974\/revisions"}],"predecessor-version":[{"id":987498596,"href":"https:\/\/ab-ba.com.pl\/index.php\/wp-json\/wp\/v2\/pages\/987497974\/revisions\/987498596"}],"up":[{"embeddable":true,"href":"https:\/\/ab-ba.com.pl\/index.php\/wp-json\/wp\/v2\/pages\/987497971"}],"wp:attachment":[{"href":"https:\/\/ab-ba.com.pl\/index.php\/wp-json\/wp\/v2\/media?parent=987497974"}],"curies":[{"name":"wp","href":"https:\/\/api.w.org\/{rel}","templated":true}]}}